by 402.
367
What is the remainder when 500055 is divided by 500044?
11
Calculate the remainder when 2225 is divided by 359.
71
What is the remainder when 20831 is divided by 4150?
81
Calculate the remainder when 31207 is divided by 1297.
79
Calculate the remainder when 12562 is divided by 661.
3
What is the remainder when 108132 is divided by 15445?
17
What is the remainder when 360255 is divided by 97?
94
Calculate the remainder when 246807 is divided by 19.
16
What is the remainder when 1494 is divided by 390?
324
What is the remainder when 2711 is divided by 390?
371
What is the remainder when 10715 is divided by 95?
75
Calculate the remainder when 952 is divided by 934.
18
Calculate the remainder when 2879 is divided by 54.
17
Calculate the remainder when 12414 is divided by 47.
6
Calculate the remainder when 3276 is divided by 6.
0
Calculate the remainder when 4800 is divided by 1490.
330
Calculate the remainder when 1121255 is divided by 358.
357
Calculate the remainder when 2873 is divided by 31.
21
Calculate the remainder when 6667 is divided by 2221.
4
Calculate the remainder when 1843 is divided by 168.
163
Calculate the remainder when 57145 is divided by 75.
70
Calculate the remainder when 1584 is divided by 845.
739
Calculate the remainder when 1173 is divided by 372.
57
What is the remainder when 4179 is divided by 533?
448
Calculate the remainder when 347 is divided by 347.
0
What is the remainder when 1610849 is divided by 50?
49
Calculate the remainder when 19645 is divided by 121.
43
Calculate the remainder when 744 is divided by 241.
21
Calculate the remainder when 107571 is divided by 32.
19
Calculate the remainder when 6467 is divided by 612.
347
Calculate the remainder when 1678 is divided by 681.
316
Calculate the remainder when 3662 is divided by 157.
51
Calculate the remainder when 29163 is divided by 1532.
55
What is the remainder when 1581 is divided by 164?
105
Calculate the remainder when 16694 is divided by 4138.
142
Calculate the remainder when 67763 is divided by 1828.
127
Calculate the remainder when 17911 is divided by 1118.
23
What is the remainder when 557909 is divided by 57?
50
Calculate the remainder when 10960 is divided by 119.
12
What is the remainder when 36416 is divided by 246?
8
Calculate the remainder when 16131 is divided by 64.
3
Calculate the remainder when 164086 is divided by 659.
654
What is the remainder when 834403 is divided by 389?
387
What is the remainder when 1073 is divided by 444?
185
Calculate the remainder when 10926 is divided by 3518.
372
Calculate the remainder when 6184 is divided by 69.
43
Calculate the remainder when 4830 is divided by 376.
318
Calculate the remainder when 98317 is divided by 32768.
13
Calculate the remainder when 3189 is divided by 162.
111
What is the remainder when 668556 is divided by 22?
20
Calculate the remainder when 1602932 is divided by 801458.
16
Calculate the remainder when 31431 is divided by 116.
111
Calculate the remainder when 19518 is divided by 184.
14
Calculate the remainder when 2555 is divided by 940.
675
What is the remainder when 71679 is divided by 40?
39
Calculate the remainder when 27143 is divided by 3068.
2599
What is the remainder when 462722 is divided by 51?
50
What is the remainder when 58355 is divided by 36?
35
Calculate the remainder when 29234 is divided by 622.
0
Calculate the remainder when 360250 is divided by 53.
9
Calculate the remainder when 8982 is divided by 51.
6
Calculate the remainder when 1031 is divided by 249.
35
Calculate the remainder when 32472 is divided by 1159.
20
What is the remainder when 237557 is divided by 784?
5
What is the remainder when 99401 is divided by 16?
9
What is the remainder when 5036 is divided by 1977?
1082
What is the remainder when 18857 is divided by 6248?
113
What is the remainder when 23566 is divided by 4707?
31
Calculate the remainder when 62811 is divided by 582.
537
Calculate the remainder when 16186 is divided by 30.
16
What is the remainder when 70718 is divided by 3073?
39
Calculate the remainder when 3608 is divided by 601.
2
Calculate the remainder when 2866 is divided by 49.
24
Calculate the remainder when 45578 is divided by 3.
2
Calculate the remainder when 2147 is divided by 374.
277
Calculate the remainder when 2095 is divided by 407.
60
Calculate the remainder when 2630054 is divided by 271.
270
What is the remainder when 16217 is divided by 5401?
14
What is the remainder when 14044 is divided by 22?
8
Calculate the remainder when 8509 is divided by 404.
25
What is the remainder when 13062 is divided by 33?
27
What is the remainder when 6611 is divided by 1609?
175
What is the remainder when 158622 is divided by 26?
22
What is the remainder when 519074 is divided by 675?
674
Calculate the remainder when 3470 is divided by 97.
75
Calculate the remainder when 1903 is divided by 287.
181
Calculate the remainder when 44527 is divided by 696.
679
Calculate the remainder when 29097 is divided by 3632.
41
What is the remainder when 18402 is divided by 446?
116
Calculate the remainder when 14203 is divided by 290.
283
Calculate the remainder when 988173 is divided by 119.
116
Calculate the remainder when 40382 is divided by 1230.
1022
Calculate the remainder when 22499 is divided by 250.
249
Calculate the remainder when 5778 is divided by 188.
138
What is the remainder when 13796 is divided by 460?
456
Calculate the remainder when 11920 is divided by 549.
391
What is the remainder when 249552 is divided by 463?
458
Calculate the remainder when 1979 is divided by 257.
180
What is the remainder when 45549 is divided by 33?
9
Calculate the remainder when 170279 is divided by 220.
219
What is the remainder when 25175 is divided by 51?
32
What is the remainder when 108860 is divided by 144?
140
What is the remainder when 11741 is divided by 267?
260
What is the remainder when 84647 is divided by 42295?
57
Calculate the remainder when 335087 is divided by 7.
4
Calculate the remainder when 4034 is divided by 2015.
4
Calculate the remainder when 14427 is divided by 116.
43
What is the remainder when 32092 is divided by 32?
28
What is the remainder when 15986 is divided by 3195?
11
What is the remainder when 17189 is divided by 1689?
299
What is the remainder when 82118 is divided by 182?
36
What is the remainder when 1608 is divided by 14?
12
Calculate the remainder when 69140 is divided by 164.
96
What is the remainder when 944 is divided by 338?
268
What is the remainder when 948 is divided by 105?
3
Calculate the remainder when 100044 is divided by 19.
9
What is the remainder when 166427 is divided by 276?
275
Calculate the remainder when 14334 is divided by 7167.
0
Calculate the remainder when 8725 is divided by 272.
21
What is the remainder when 183188 is divided by 86?
8
What is the remainder when 1353689 is divided by 80?
9
What is the remainder when 6064 is divided by 506?
498
Calculate the remainder when 20494 is divided by 1756.
1178
What is the remainder when 2405 is divided by 61?
26
What is the remainder when 6312 is divided by 488?
456
What is the remainder when 93683 is divided by 30?
23
Calculate the remainder when 5959 is divided by 445.
174
Calculate the remainder when 465575 is divided by 33.
11
What is the remainder when 3286 is divided by 465?
31
What is the remainder when 781537 is divided by 26?
3
What is the remainder when 4555 is divided by 964?
699
Calculate the remainder when 1165116 is divided by 1392.
12
What is the remainder when 40890 is divided by 19?
2
What is the remainder when 46363 is divided by 1364?
1351
What is the remainder when 784309 is divided by 36?
13
What is the remainder when 10964 is divided by 73?
14
What is the remainder when 42481 is divided by 119?
117
What is the remainder when 1433 is divided by 707?
19
Calculate the remainder when 288153 is divided by 69.
9
Calculate the remainder when 211541 is divided by 8135.
31
Calculate the remainder when 240958 is divided by 80278.
124
Calculate the remainder when 155914 is divided by 1098.
1096
What is the remainder when 6884 is divided by 285?
44
What is the remainder when 2201 is divided by 614?
359
Calculate the remainder when 23750 is divided by 23744.
6
What is the remainder whe